-3*b - 3*i + 15 = 0. Calculate the highest common factor of b and 40.
10
Let g(d) = -d**3 + d**2 - d + 5. Let l be g(0). Calculate the greatest common factor of 1 and l.
1
Let j(p) = p**3 - 21*p**2 + 21*p + 25. Let x be j(20). Calculate the greatest common divisor of x and 9.
9
Suppose 0 = 6*y - y - 20. Suppose -3*m = 6, -o + y*m = 105 - 293. Suppose -3*z - 2*z + o = 0. What is the highest common factor of 9 and z?
9
Let d = -114 - -144. Let u = -34 - -54. Calculate the highest common factor of u and d.
10
Suppose 4*m = -0*m - 24. Let x be m/(-3) - -1 - -1. Suppose 0 = 2*z - x*z + 30. Calculate the highest common divisor of z and 6.
3
Let w(x) = 4*x**2 - 4*x. Let v be w(4). Suppose 4*i + 5*m - v = 157, -2*m = 5*i - 235. Calculate the highest common divisor of 5 and i.
5
Suppose -3*f + 66 = -0*f. Suppose 2*z + 7*p - f = 4*p, -4*p = z - 21. Suppose -3*k = -z*s - 31, 5*s = s - 20. What is the greatest common factor of k and 14?
2
Suppose 0*z - 132 = -3*z. Suppose -17 + z = 3*h. Let b be 27/(-2)*(-84)/h. Calculate the highest common factor of 14 and b.
14
Let m = -179 - -184. Let r be (0/(-1) - 1) + 3. Calculate the greatest common factor of r and m.
1
Suppose -k - 3*y + 41 = 0, 2*k + 17 = 5*y + 110. Suppose 0 = m - k - 33. What is the highest common divisor of 7 and m?
7
Suppose 2*i - 48 = 3*a, -4*i + 86 = -3*a - 22. Calculate the highest common factor of 210 and i.
30
Let j = 48 - 7. Suppose -2*w + 47 + j = 0. What is the greatest common divisor of w and 4?
4
Let c(i) = -i**2 + 23*i - 39. Let r be c(20). Calculate the highest common factor of 189 and r.
21
Let w = -256 - -481. What is the highest common factor of w and 45?
45
Suppose -43 = -3*r - 4*p, 4*r + 3*p - 2 = 60. Let l = 102 - 72. Let c = -13 + l. What is the highest common divisor of c and r?
17
Let l(j) = -j**2 - 6*j - 1. Let f be l(-4). Let u = 1 + 1. Suppose -3*g = -u*g - 63. What is the highest common factor of f and g?
7
Let a(b) be the first derivative of -2*b - 3 + 91/2*b**2. Let l be a(2). What is the greatest common factor of l and 20?
20
Suppose a + 5*y - 49 = 0, -5*y + 43 = -2*a + 186. What is the greatest common factor of 96 and a?
32
Suppose -4*c + 33 = 13. Calculate the highest common divisor of 20 and c.
5
Let j be ((-6)/(-4))/(6/20). Suppose 3*c - 21 = -2*w, 2*w = w - j*c. Suppose 4*v = -v + 225. What is the highest common divisor of v and w?
15
Let h be (3 - (-2 - -1)) + -8 + 31. Calculate the greatest common divisor of 189 and h.
27
Let d be (-6)/(-15) + 92/20. Suppose -4*m = -18 - 62. Let g = m - d. What is the greatest common factor of g and 15?
15
Let i(g) = -g**3 + 9*g**2 - g - 3. Let m be i(6). Suppose 82 - 10 = 4*k. Let n = k + -9. Calculate the highest common factor of n and m.
9
Suppose 0*y + y = 0. Suppose -4*r + 108 - 40 = y. Let d(p) = 39*p**2 - 2*p + 1. Let x be d(2). What is the greatest common factor of x and r?
17
Let y be -8*((-3)/(-2))/(-3). Let i(u) = u**3 + 7*u**2 + u + 8. Let s be i(-7). Calculate the greatest common divisor of y and s.
1
Suppose 5 = -z + 14. Let p = z - 5. Calculate the greatest common factor of 28 and p.
4
Let m(b) = -b - 3. Let y be m(-6). Let a be (-1)/y - (-82)/(-6). Let c = 20 + a. What is the greatest common factor of 42 and c?
6
Let b(h) = 3*h**2 + 10*h + 3. Let f be b(-8). What is the highest common divisor of f and 23?
23
Let x = -10 + 14. What is the highest common factor of 44 and x?
4
Let h(m) = -m + 2. Let n be h(2). Suppose n = 5*r - 108 - 132. Calculate the greatest common divisor of r and 16.
16
Suppose 0 = 5*v - 3*l - 63, 0*v = -3*v - 2*l + 34. What is the greatest common factor of v and 12?
12
Let o = 1 + 1. Let w be (-6*56/(-12))/(-2 + 4). Calculate the greatest common factor of o and w.
2
Let l(u) = -5*u - 48. Let v be l(-18). Let y = -12 + 26. Calculate the highest common factor of v and y.
14
Suppose -10*b + 8*b = -200. Let n(u) be the second derivative of 7*u**3/6 - u**2 + u. Let k be n(6). Calculate the highest common factor of b and k.
20
Suppose b = -3*b + 56. Suppose -2*x = -4*y - 132, 3*x + b - 230 = -3*y. Suppose -2*t + 3*t - x = 0. Calculate the highest common factor of t and 10.
10
Suppose 0*l = -x + 3*l - 5, 4*l - 11 = -3*x. Let t be (x - 1) + (-1 - -1). Suppose -3*n + 0 + 12 = t. What is the highest common factor of n and 44?
4
Let a(t) = -t**3 + 8*t**2 - 7*t + 2. Let j = 2 - -5. Let w be a(j). Let u = 4 + -2. Calculate the greatest common divisor of w and u.
2
Let u(p) = -p**2 - 5*p - 2. Let l be u(-5). Let f(x) = -x**3 + x**2 - 3*x - 2. Let j be f(l). Let q = j - 8. What is the highest common factor of q and 20?
4
Suppose -4*m = -4*o - 28, -2*m + 12 = -6*m - 4*o. What is the greatest common divisor of 6 and m?
2
Let p = -23 + 16. Let z(i) = i**2 + 6*i - 4. Let m be z(p). Let f = 11 - m. Calculate the greatest common divisor of f and 48.
8
Let h be (-3 - 0)/(2 - 3). Suppose -4*j = 5*g + 11, 0 = -5*g + g - j. Suppose 2 + g = o, 4*o = -4*n + 120. What is the greatest common factor of n and h?
3
Let s(i) = -i**3 - 9*i**2 + 15*i - 5. Let d be s(-11). What is the highest common factor of d and 9?
9
Let h = 4 - 0. Suppose 4*l = 4 + 12. Suppose -h = -0*m - l*m. Calculate the highest common divisor of 3 and m.
1
Let l(y) = y**2 - 4*y + 1. Let z be l(4). Suppose u - 1 + 0 = 0. Let i be 1/z + 1 + u. Calculate the highest common factor of 9 and i.
3
Let j(d) = 5*d**2 + 4*d + 2. Let t be j(-4). Let k be t*(0 - 4/(-3)). Calculate the highest common factor of 11 and k.
11
Suppose -14 = -3*g - 2*o, -5 = 3*g - 2*o - 3. Suppose -g*v = -5*u - 185, 3*v = -v - 3*u + 305. What is the greatest common factor of v and 10?
10
Suppose -4*p - 3*j = -29, -5*j - 2 = -4*p + 3. What is the greatest common divisor of p and 25?
5
Let m(p) = -p**3 - 6*p**2 - 4*p + 7. Let c be m(-5). Calculate the greatest common divisor of 3 and c.
1
Suppose 0 = 5*b - 5*q + 25, -3*q + 1 + 6 = b. Let j be (-93)/6*1*b. Let s = -18 + j. What is the highest common divisor of 39 and s?
13
Let b be ((-3)/3)/((-2)/12). Let m be (-4)/b + 94/6. Calculate the greatest common divisor of m and 30.
15
Let l be (-5 - -2) + (-6 - -2). Let y(d) = -d - 1. Let j be y(l). What is the greatest common factor of j and 18?
6
Suppose 0 = 3*j + m - 22, -4*j - 4*m = -2*m - 32. What is the highest common divisor of j and 18?
6
Let a(s) = -s**2 + 9*s - 5. Let n be a(8). Suppose -m = 3*l - 3*m - 9, -5*l = n*m - 34. Let b = 7 - l. Calculate the greatest common factor of b and 22.
2
Suppose 4*i - 5*x = 90, -83 - 13 = -5*i - 2*x. Suppose 3*k - t + 4*t - 465 = 0, -4*k + 2*t = -650. Calculate the highest common factor of i and k.
20
Suppose -3*w - w - 2*j = -404, 119 = w + 5*j. What is the greatest common divisor of w and 11?
11
Suppose 11 = 3*i + 5*y, -3*i + 0*y = -3*y - 3. Suppose i*f - 5*f = -594. What is the highest common factor of 22 and f?
22
Suppose 3*n - 44 = 5*z, 9*n = 4*n - 5*z + 100. Calculate the highest common divisor of 90 and n.
18
Suppose 3*d - 10 = 4*j, 4*d + j + 3*j = 4. Calculate the highest common divisor of d and 8.
2
Suppose -5*j + 7 = t, 2*t = 3*t - 5*j + 3. What is the greatest common divisor of 14 and t?
2
Let m = -11 + 15. What is the greatest common factor of m and 6?
2
Let z be 7 + (4/1)/(-2). Let t(h) = -h**3 + 6*h**2 - h + 6. Let b be t(6). Suppose 5*p - 24 - 1 = b. What is the greatest common divisor of p and z?
5
Suppose -16*h + 12*h + 20 = 0. What is the highest common divisor of 15 and h?
5
Suppose -2*l + a + 8 = 0, l + 3*l - 10 = -a. Suppose -3*h + 42 = l. What is the greatest common divisor of 26 and h?
13
Let j(l) = 2*l + 2. Let m be j(-3). Let r be m/(-14) + 6140/70. What is the greatest common factor of r and 8?
8
Suppose -5*l + 0*l - 75 = 0. Let i = l + 22. What is the greatest common factor of i and 35?
7
Suppose -114 + 868 = 3*y + 2*f, 3*f = -5*y + 1256. Suppose -z + 6*z = y. Calculate the greatest common factor of z and 20.
10
Suppose 0*g + 5*g = 80. What is the highest common divisor of g and 4?
4
Suppose 3*r - 6*r = -4*c + 255, -2*r = -2*c + 128. Calculate the greatest common divisor of c and 630.
63
Let n = -135 - -239. What is the greatest common divisor of 78 and n?
26
Let x = 8 - 5. Suppose x*a = 5*m + 145, -5*a + 96 = -3*a - 3*m. Let p = -4 + 9. What is the highest common factor of a and p?
5
Let j = -21 + 112. Let s = -39 + j